se 15) to base 16
-6
What is -1112 (base 3) in base 5?
-131
62 (base 9) to base 2
111000
-5 (base 8) to base 15
-5
-12 (base 12) to base 8
-16
-1 (base 12) to base 7
-1
What is -1 (base 9) in base 15?
-1
What is 10 (base 7) in base 11?
7
Convert 10001 (base 2) to base 15.
12
Convert 11 (base 11) to base 12.
10
What is -42 (base 5) in base 2?
-10110
What is -5 (base 14) in base 4?
-11
-21 (base 4) to base 13
-9
What is -244 (base 7) in base 4?
-2002
Convert -33 (base 7) to base 11.
-22
Convert -13 (base 9) to base 16.
-c
0 (base 9) to base 8
0
-1200 (base 5) to base 2
-10101111
Convert -143 (base 5) to base 9.
-53
Convert -12a (base 15) to base 16.
-109
Convert -9 (base 16) to base 5.
-14
Convert -3 (base 11) to base 12.
-3
14 (base 15) to base 10
19
163 (base 8) to base 5
430
3b (base 12) to base 11
43
Convert -46 (base 8) to base 11.
-35
-100011 (base 2) to base 3
-1022
12 (base 13) to base 14
11
What is 48 (base 12) in base 3?
2002
Convert 40 (base 5) to base 3.
202
Convert -7 (base 13) to base 8.
-7
What is -100 (base 2) in base 13?
-4
-1001111 (base 2) to base 7
-142
What is 0 (base 9) in base 7?
0
Convert 1012 (base 3) to base 16.
20
-7 (base 11) to base 3
-21
Convert -7 (base 16) to base 8.
-7
What is -1 (base 3) in base 11?
-1
What is -7c (base 16) in base 5?
-444
What is 3 (base 7) in base 11?
3
What is -2 (base 13) in base 11?
-2
What is -8 (base 9) in base 8?
-10
Convert 18 (base 9) to base 11.
16
What is -125 (base 6) in base 13?
-41
What is 25 (base 12) in base 2?
11101
Convert 0 (base 2) to base 5.
0
Convert 64 (base 11) to base 12.
5a
-14 (base 8) to base 5
-22
0 (base 6) to base 8
0
Convert -123 (base 5) to base 4.
-212
What is -111111 (base 2) in base 10?
-63
Convert 12 (base 12) to base 16.
e
Convert -2 (base 6) to base 11.
-2
What is -5 (base 6) in base 2?
-101
What is -42 (base 5) in base 2?
-10110
Convert 1301 (base 4) to base 15.
78
What is -1 (base 7) in base 12?
-1
Convert 9c (base 14) to base 15.
93
-51 (base 7) to base 14
-28
What is -12 (base 5) in base 9?
-7
67 (base 13) to base 14
61
-11 (base 10) to base 7
-14
What is 376 (base 9) in base 4?
10320
What is 35 (base 7) in base 13?
20
2 (base 11) to base 16
2
What is 157 (base 10) in base 9?
184
Convert -172 (base 9) to base 10.
-146
Convert 1a (base 14) to base 4.
120
4 (base 7) to base 11
4
What is -3213 (base 4) in base 8?
-347
-144 (base 6) to base 10
-64
What is -76 (base 16) in base 2?
-1110110
69 (base 10) to base 12
59
What is -2 (base 15) in base 7?
-2
What is 110101 (base 2) in base 10?
53
Convert -3 (base 13) to base 2.
-11
What is 1 (base 15) in base 6?
1
What is 4 (base 13) in base 6?
4
What is -112 (base 3) in base 10?
-14
-5 (base 14) to base 9
-5
1 (base 14) to base 4
1
What is -101 (base 3) in base 9?
-11
Convert 78 (base 9) to base 10.
71
-24 (base 7) to base 6
-30
Convert 51 (base 8) to base 9.
45
What is 22 (base 3) in base 10?
8
Convert 1155 (base 6) to base 11.
241
What is -3 (base 16) in base 14?
-3
-212 (base 5) to base 10
-57
What is 14 (base 7) in base 10?
11
112 (base 9) to base 5
332
What is 1 (base 12) in base 3?
1
Convert 3 (base 10) to base 14.
3
Convert 7 (base 8) to base 4.
13
What is -10 (base 2) in base 4?
-2
-1 (base 8) to base 16
-1
Convert -11000001 (base 2) to base 12.
-141
Convert 65 (base 7) to base 14.
35
191 (base 12) to base 5
2003
What is 64 (base 7) in base 10?
46
Convert 5a (base 14) to base 4.
1100
-101001101 (base 2) to base 9
-410
What is 2 (base 5) in base 3?
2
-2 (base 4) to base 5
-2
What is -4 (base 5) in base 9?
-4
What is -6 (base 11) in base 6?
-10
-6 (base 11) to base 13
-6
What is -2 (base 8) in base 2?
-10
-60 (base 9) to base 10
-54
-5 (base 14) to base 12
-5
What is 55 (base 7) in base 13?
31
-3 (base 16) to base 3
-10
What is 1 (base 13) in base 6?
1
Convert -4 (base 13) to base 6.
-4
What is -45 (base 8) in base 16?
-25
Convert 14 (base 16) to base 10.
20
What is -21 (base 3) in base 16?
-7
Convert -381 (base 9) to base 4.
-10330
What is a (base 14) in base 11?
a
Convert a2 (base 11) to base 16.
70
16 (base 15) to base 8
25
-14 (base 11) to base 7
-21
What is 4 (base 16) in base 2?
100
-3 (base 5) to base 7
-3
Convert 11 (base 3) to base 10.
4
Convert 415 (base 9) to base 14.
1a2
Convert -16 (base 13) to base 12.
-17
Convert -11 (base 3) to base 14.
-4
4 (base 15) to base 6
4
Convert 101011 (base 3) to base 10.
274
-8 (base 16) to base 3
-22
Convert -610 (base 7) to base 5.
-2201
-4 (base 12) to base 14
-4
What is -1 (base 13) in base 5?
-1
-1 (base 5) to base 7
-1
What is -1144 (base 5) in base 13?
-105
-1003 (base 4) to base 15
-47
What is 3 (base 11) in base 14?
3
What is 22 (base 6) in base 5?
24
What is 188 (base 15) in base 8?
541
69 (base 10) to base 6
153
-1011110 (base 2) to base 11
-86
What is 1f (base 16) in base 5?
111
Convert 95 (base 12) to base 16.
71
-1341 (base 5) to base 9
-265
-14 (base 10) to base 14
-10
-27 (base 11) to base 5
-104
102 (base 4) to base 5
33
Convert -1000 (base 2) to base 7.
-11
-20 (base 6) to base 9
-13
Convert -100000 (base 2) to base 12.
-28
What is 6 (base 16) in base 14?
6
What is -1212 (base 3) in base 10?
-50
-5 (base 12) to base 9
-5
Convert 50 (base 6) to base 14.
22
What is 51 (base 14) in base 8?
107
What is -326 (base 7) in base 12?
-11b
Convert -8 (base 14) to base 2.
-1000
What is 1 (base 8) in base 16?
1
Convert -252 (base 6) to base 3.
-10212
c (base 15) to base 16
c
Convert 1 (base 14) to base 12.
1
-33 (base 12) to base 5
-124
-201 (base 3) to base 7
-25
What is -20 (base 5) in base 11?
-a
What is 112 (base 5) in base 9?
35
What is -4 (base 9) in base 8?
-4
Convert -166 (base 7) to base 15.
-67
15 (base 14) to base 2
10011
3 (base 11) to base 7
3
-5 (base 7) to base 11
-5
93 (base 11) to base 7
204
What is -1110 (base 2) in base 15?
-e
-1200 (base 4) to base 15
-66
What is 41 (base 16) in base 7?
122
What is 32 (base 9) in base 15?
1e
Convert -1 (base 11) to base 14.
-1
Convert 88 (base 14) to base 6.
320
5 (base 11) to base 6
5
Convert 67 (base 13) to base 12.
71
What is 54 (base 15) in base 12?
67
What is -7 (base 15) in base 12?
-7
52 (base 15) to base 14
57
Convert -3 (base 9) to base 16.
-3
223 (base 6) to base 9
106
What is -a (base 11) in base 4?
-22
Convert 28 (base 11) to base 4.
132
Convert -121 (base 11) to base 13.
-b1
1e (base 15) to base 7
41
-15 (base 10) to base 7
-21
-10000 (base 2) to base 10
-16
Convert -13 (base 5) to base 7.
-11
What is -12 (base 3) in base 12?
-5
Convert 48 (base 9) to base 14.
32
What is -4 (base 16) in base 13?
-4
What is 7 (base 9) in base 12?
7
What is 182 (base 10) in base 16?
b6
12 (base 7) to base 11
9
What is -72 (base 14) in base 4?
-1210
Convert 4 (base 5) to base 12.
4
What is 161 (base 8) in base 6?
305
What is -a (base 11) in base 7?
-13
What is -8 (base 10) in base 9?
-8
What is 38 (base 11) in base 8?
51
What is -112 (base 12) in base 4?
-2132
-23 (base 11) to base 2
-11001
What is 6 (base 11) in base 8?
6
40 (base 11) to base 7
62
1 (base 16) to base 12
1
-11 (base 4) to base 16
-5
-10 (base 10) to base 6
-14
-4 (base 9) to base 13
-4
Convert 3 (base 13) to base 4.
3
What is -62 (base 10) in base 3?
-2022
Convert 0 (base 16) to base 4.
0
What is 0 (base 3) in base 11?
0
-11 (base 16) to base 3
-122
3 (base 8) to base 9
3
What is 1 (base 2) in base 5?
1
30 (base 4) to base 5
22
-3 (base 13) to base 5
-3
23 (base 8) to base 15
14
What is 6 (base 13) in base 4?
12
22 (base 4) to base 9
11
1022 (base 3) to base 12
2b
What is 0 (base 7) in base 16?
0
What is -120 (base 3) in base 11?
-14
What is 1001 (base 2) in base 12?
9
Convert 39 (base 10) to base 16.
27
What is -253 (base 7) in base 9?
-161
What is -11 (base 8) in base 16?
-9
What is -2 (base 3) in base 4?
-2
What is -11c (base 15) in base 2?
-11111100
What is -101 (base 4) in base 10?
-17
What is -6 (base 16) in base 5?
-11
Convert -7 (base 12) to base 8.
-7
-11 (base 3) to base 10
-4
What is 2 (base 15) in base 14?
2
What is 0 (base 2) in base 13?
0
Convert -20 (base 12) to base 15.
-19
What is -6 (base 13) in base 4?
-12
Convert -32 (base 11) to base 13.
-29
What is -34 (base 10) in base 8?
-42
Convert 14 (base 11) to base 2.
1111
Convert 10 (base 7) to base 5.
12
What is -53 (base 14) in base 16?
-49
-1 (base 15) to base 13
-1
-100 (base